 prime factors of a(c).
2, 17
Suppose 0 = 2*t + 3*p - 7, -11 = -4*t + t - 5*p. Suppose 152 = 4*j + 2*h, 2*j + 4*h - 68 - t = 0. List the prime factors of j.
3, 13
Suppose -20*m = -15*m - 225. What are the prime factors of (-18)/m + 192/5?
2, 19
Suppose -799 = -4*y + 4365. What are the prime factors of y?
1291
Let s be ((-4)/2)/(3/9). Let k = s - -12. List the prime factors of (-524)/(-22) + k/33.
2, 3
Let d = -2786 - -4024. What are the prime factors of d?
2, 619
Suppose 0 = -5*p + 861 + 5509. List the prime factors of p.
2, 7, 13
Let x be 3 + 4 + 1 + 4. What are the prime factors of (284/10)/(x/30)?
71
Suppose 0 = 15*m - 30094 - 1736. What are the prime factors of m?
2, 1061
Suppose 5*j + 194 = -126. Let g = j + 75. List the prime factors of g.
11
Let o = 2634 + -1024. List the prime factors of o.
2, 5, 7, 23
Suppose -3*n - 10 = -3*r + 8, n = -3*r + 6. Suppose 5*z - x - 59 = -15, -r*z - x + 28 = 0. List the prime factors of z.
3
Suppose -3*f = -4*k - 1094, -490 = -4*f - k + 975. What are the prime factors of f?
2, 3, 61
Let d(h) = h**2 + 9*h - 34. Let x be d(-12). Suppose -v - 2*v + 30 = 0. Suppose 2*i + v = 0, -x*i = p - 21 - 4. What are the prime factors of p?
5, 7
Let j(g) = -g**2 - g + 1. Let u(i) = -i**3 + i**2 - 6*i + 1. Let r(l) = j(l) - u(l). What are the prime factors of r(3)?
2, 3
Let y(q) = -2*q**2 + 176*q - 213. What are the prime factors of y(52)?
3, 11, 107
Let v = 917 - 460. Suppose o = -y + 109, 4*y - 5*o - 24 = v. What are the prime factors of y?
2, 3, 19
Suppose 0 = -4*u - 3*k + 44, -2*k + 32 = 2*u + u. Let c be ((-4)/u)/((-2)/(-4)). What are the prime factors of c/(4/(240/(-4)))?
3, 5
Suppose -2 = -2*f, -5*v + 5*f - f + 1166 = 0. What are the prime factors of v?
2, 3, 13
Suppose 0 = 2*x + 5*x - 16310. List the prime factors of x.
2, 5, 233
Let r be (-21)/4 + (-5)/(-20). Let b = -8 - r. What are the prime factors of (-47)/b - 8/(-6)?
17
Let n(q) = q**2 - 11*q - 8. Let f be n(10). List the prime factors of (2*25 - (16 + f)) + 4.
2, 7
Suppose 13*v - 6*v = 4984. What are the prime factors of v?
2, 89
Let z(p) = -p**3 + 29*p**2 - 29*p + 107. List the prime factors of z(27).
2, 17, 23
Suppose -w + 4*v + 14 = 3*v, -3*w + v + 32 = 0. Suppose p - w + 5 = 0. Suppose 5*f - 74 = -r, -f + 90 = p*f + 5*r. What are the prime factors of f?
2, 7
Let m be (-99)/(-22)*(-4)/(-6). Suppose m*j = 23 - 188. Let y = -35 - j. What are the prime factors of y?
2, 5
Let y = 93 + -89. Suppose -842 = -4*s - o, 1053 = s + y*s + o. List the prime factors of s.
211
Let r be 132/(-15) - ((-32)/(-10) - 3). Let g = 26 - r. List the prime factors of g.
5, 7
Let f(l) = -15*l**2. Let x be f(-1). Suppose 0*m = 12*m + 540. Let v = x - m. What are the prime factors of v?
2, 3, 5
Suppose -i + 8 + 7 = 2*j, -2*i + j = -20. Suppose -8*w - 159 = -i*w. List the prime factors of w.
53
Let a(r) = -5*r**3 - 9*r**2 + 3*r - 2. Let g(h) = -4*h**3 - 9*h**2 + 2*h - 2. Let m(c) = 3*a(c) - 4*g(c). List the prime factors of m(-4).
2, 3, 13
Suppose -n + 5*v = -0*v - 129, 3*n = -3*v + 405. List the prime factors of n.
2, 67
Suppose -d + 126 = 2*d. Let w be ((-6)/7)/((-6)/d). What are the prime factors of (22/w + 3)*3?
2, 5
Suppose 0 = q + o - 1 - 2, -2*q = 4*o - 12. Let p = -10 - -12. Suppose q = p*j - 3*x - 55, 2 = x - 3. What are the prime factors of j?
5, 7
Suppose 2*j - 2730 = -8*j. Suppose -j = -5*w + 4*o + 398, 3*w = -o + 406. What are the prime factors of w?
3, 5
Let v be (3 - -6*2)/1. Suppose v = 3*w + 5*s - 2*s, -49 = -5*w + 3*s. What are the prime factors of (-142)/(-6) + w/(-12)?
23
Let l(f) = -f**3 + 20*f**2 + 48*f - 72. List the prime factors of l(21).
3, 5, 11
Suppose -6*i = -2*i + 3*g - 10, 0 = 5*i + 2*g - 16. Suppose 0 = -k - i*k + 5, 3*k = -5*m + 228. List the prime factors of m.
3, 5
Let f = -19 + 28. Let g be (f/(-5) - -1)*-5. Suppose -8*w = -g*w - 44. List the prime factors of w.
11
Let t(w) = -5*w**3 - 4*w**2 - 2*w. Let l be t(-2). Let m be (3 - 1)/((-4)/22). Let o = m + l. What are the prime factors of o?
17
Let j(m) = -17*m**2 + m + 1. Let y(f) = -9*f**2 + f + 1. Let q = 7 - 2. Let n(w) = q*y(w) - 3*j(w). What are the prime factors of n(-2)?
2, 11
Let o = 9 - 7. Suppose -5*v + 2*j = 4*j - 220, -4*v + o*j + 194 = 0. What are the prime factors of v?
2, 23
Let h = -71 + 77. Suppose -h*g = -454 - 86. What are the prime factors of g?
2, 3, 5
Suppose 0 = 10*n - 6327 - 5723. What are the prime factors of n?
5, 241
Suppose 190 = 4*i - 5*q, 2*i - 44 = 4*q + 54. Let t be -3*i/(0 + -3). List the prime factors of ((-27)/t)/((-1)/5).
3
Let l = 57 + -51. Suppose l*n = -q + 2*n + 27, -88 = -3*q - 5*n. What are the prime factors of q?
31
Suppose 0 = 4*a + 334 + 22. Let b = -78 - a. List the prime factors of b.
11
Let r(i) = 2*i - 3. Let j be r(4). Suppose -4*n - 22 = -j*v, 4*n + 2 = 3*v - 8*v. Suppose 19 = v*k - 41. List the prime factors of k.
2, 3, 5
Suppose -6 = -w - 2*w. Suppose 5*d = -5 - 0, -w*j + 4*d + 28 = 0. What are the prime factors of j?
2, 3
Let n be ((-12)/(-54) + 5/(-9))*-15. Suppose -7*j + n*j = -154. What are the prime factors of j?
7, 11
Let l be (3 + (-20)/4)/2. Let r be (-4 - -4)*l - -27. List the prime factors of (-1 + -2)*(-99)/r.
11
What are the prime factors of -4*(-8)/((-112)/(-3241))?
2, 463
Suppose -4*d + 6 = -6. Let t(r) = -3*r + 3. Let y be t(d). Let s(u) = -10*u + 5. What are the prime factors of s(y)?
5, 13
Suppose a - 3*a + 3*y = -5, -5*a = y - 38. Let g = a - 4. Suppose -44 - 45 = -4*n + 5*o, -o = g*n - 81. List the prime factors of n.
2, 13
Suppose 0 = 4*g + 174 + 42. Let m be 48/g - (-1)/(-9). What are the prime factors of (m + -1)*(-106)/4?
53
Let u = 184 - 128. List the prime factors of u.
2, 7
Suppose 0 = -4*v + 17205 + 559. What are the prime factors of v?
4441
Suppose 0*d - 10 = -5*d. Let m be (d/4)/(2/144). Suppose m = 5*h - 2*h. List the prime factors of h.
2, 3
Let i = 2994 + -957. List the prime factors of i.
3, 7, 97
Let s(x) = 2*x**3 - 18*x**2 - 44*x + 109. What are the prime factors of s(16)?
7, 61
Let p(o) = 2*o**3 - o**2 + 4*o - 2. Let d be p(4). Let f = d - 62. Let i = f - 38. What are the prime factors of i?
2, 13
Let q(s) = -10*s + 22. Let w be q(2). Suppose 0 = 5*p - 3*f + 6*f - 605, w*p + 5*f - 223 = 0. What are the prime factors of p?
2, 31
Suppose -3*l + 0*n - 16 = n, -4*l + 2*n - 28 = 0. Let h = l - -57. What are the prime factors of h?
3, 17
Let b = -20 + 25. Suppose -b*j - 20 = 5, 5 = -n - j. Suppose -z + 14 - 1 = n. What are the prime factors of z?
13
Suppose -3*k + 12 = 0, -4*b - 40 = -3*k - 2*k. Let v = 5 - b. What are the prime factors of ((-46)/v)/(5/(-25))?
23
Let a(z) = -3 - 17*z**2 - 9 + 15 - 2. Let d be a(-1). Let s = 29 + d. List the prime factors of s.
13
Suppose -12 = 3*m + 3. Let l(j) = -15*j - 17. List the prime factors of l(m).
2, 29
Let g(k) = -k**3 - 14*k**2 - 17*k - 25. Suppose -3*s + 5*j = 40 + 14, -4*s = 4*j + 40. List the prime factors of g(s).
3
Suppose -9*c = 3194 - 17999. List the prime factors of c.
5, 7, 47
Let s(d) be the second derivative of -5*d**3/6 + 15*d**2/2 + 17*d. List the prime factors of s(-15).
2, 3, 5
Let h(d) = -5*d**3 - d**2 + 37*d - 2. What are the prime factors of h(-6)?
2, 5, 41
Let p = -212 + 113. Let z = p + 192. What are the prime factors of z?
3, 31
Let a be 2*2358/60*10. Suppose -4*h + a = 2*j, -h + j = -0*j - 195. What are the prime factors of h?
2, 7
Let k(y) = -19*y**2 + 2*y + 4. Let h(u) = 56*u**2 - 6*u - 11. Let s(n) = 6*h(n) + 17*k(n). What are the prime factors of s(1)?
13
Let t be (-7)/(-2)*(-24)/(-14). Suppose t*d - 4*l = d + 607, -2*l = -4*d + 488. What are the prime factors of d?
3, 41
Let j = 3493 + -1082. What are the prime factors of j?
2411
Let r = 502 - -19. What are the prime factors of r?
521
Let s be (6*1)/(0 - 1). Let u be s - -8 - (-2 + -1). Suppose u*v + 3*m + m - 183 = 0, -5*v - 3*m = -181. What are the prime factors of v?
5, 7
Let n(r) = -2*r**2 - 37*r - 60. Let k be n(-14). Suppose 0 = h + 4*h + 215. Let y = h + k. List the prime factors of y.
23
Let o be (8/(-6))/((-9)/27). Suppose o*n = 3*n + 44. What are the prime factors of n?
2, 11
Let r = 17 - 14. Suppose -5*o - r*l + 89 = -76, 5*o + 2*l - 160 = 0. Suppose -6*u + o = -u. List the prime factors of u.
2, 3
Let k = 717 - 144. What are the prime factors of k?
3, 191
Let r = 44 + -62. What a